 Suppose -g - 2*w = -17, 5*w = -g + 85 - 53. Determine d(g).
3
Let s(b) = -2*b + 22. Let x(j) = -j**3 + 17*j**2 - 62*j - 59. Let f be x(11). What is s(f)?
52
Let b be (8/(-6))/(6/27). Let x(a) be the second derivative of 31*a + 3*a**2 + 1/2*a**4 + 0 - 1/6*a**3 + 1/20*a**5. Give x(b).
12
Let o(b) = 29*b - 6*b - 3*b - 9*b - 5*b + 16. Give o(-11).
-50
Let k(a) be the second derivative of a**4/6 - 2*a**3/3 - a**2/2 + 985*a - 2. What is k(-2)?
15
Let q(m) be the first derivative of 25*m**2/2 + 33. Let y(f) = -25*f. Let n(i) = -6*q(i) - 7*y(i). Determine n(1).
25
Let c(p) = -p**3 + 40*p**2 + 224*p + 53. Let d be c(45). Let j(i) = -i**3 + 7*i**2 + 2*i + 43. Give j(d).
-5
Let d(b) = -b**3 - 6*b**2 + 3*b + 8. Let i be d(-6). Let r be (-2 + i)/(-1*2 + 0). Suppose -2*h = h - r. Let s(j) = -2*j**2 + 1. Determine s(h).
-7
Suppose 11*s = 3*s + 64. Suppose -s*k - 12 + 84 = 0. Let h(p) = 41*p**2 - 9*p + 13. Let w(m) = 10*m**2 - 2*m + 3. Let c(t) = k*w(t) - 2*h(t). What is c(1)?
9
Let f(c) = -c**3 + 23*c**2 - c + 35. Let g(o) = o**2 + 115*o + 1259. Let r be g(-12). Determine f(r).
12
Suppose -30 = 10*j - 40*j. Let d(s) = 26*s - j - 47*s + 20*s. Calculate d(-3).
2
Let c(s) be the second derivative of s**4/12 + s**3/6 - s**2 + 156*s. Let p(t) = 5*t**2 - 3*t - 15. Let i(g) = -6*c(g) + p(g). Give i(-6).
15
Let j(s) = -6*s - 46. Let q(u) = 1. Let f(v) = j(v) + 10*q(v). Let g(a) = a + 5. Let r(b) = -2*f(b) - 15*g(b). Suppose 9*l - 10*l = 3. Determine r(l).
6
Let z(w) = w**3 - 22*w**2 + 22*w - 20. Suppose -18*i + 82*i = 45*i + 399. What is z(i)?
1
Let r(j) be the third derivative of -j**9/60480 + j**8/4032 + j**7/5040 - j**6/240 + j**5/30 + j**2 + 2*j. Let b(w) be the third derivative of r(w). Give b(5).
2
Let d(i) = i + 42. Let x(t) = -t - 45. Let v(k) = 13*d(k) + 12*x(k). Give v(9).
15
Let s be (0 + -4)/(((-8)/6)/2) + -3. Let p(q) be the third derivative of -1/12*q**4 + 1/3*q**s + 0*q - 15*q**2 + 0 - 1/30*q**5. Calculate p(-2).
-2
Let s(l) = 3*l**2 + 4*l - 126. Let f(m) = 10*m**2 + 11*m - 382. Let b(k) = -2*f(k) + 7*s(k). Give b(8).
-6
Let i(f) be the first derivative of -f**2/2 + 5*f - 1. Suppose -1645*h + 7615 = -2255. What is i(h)?
-1
Suppose p + 2*z = 0, 0*z + 3*z = -2*p + 5*z. Let f(a) = -a**2 + 4*a - 68. Calculate f(p).
-68
Suppose 2*i = -8*i + 5*i. Suppose 3*a - 6*f + f = -19, -4*a - f + 13 = i. Let r(h) = -h + 1. What is r(a)?
-1
Let d(z) be the second derivative of z**6/72 - z**5/60 - 4*z**4/3 - z**2 + 19*z. Let x(q) be the third derivative of d(q). Determine x(2).
18
Let p(z) = -z**2 + z. Let v(a) = -3*a**2 - 6*a + 10. Let q(w) = -2*p(w) + v(w). Let t(r) = 66 + 0*r**2 + 179*r - 132*r - 2*r**2. Let g be t(25). Determine q(g).
1
Let v(j) = 3 + 2 - 2 + 7*j. Let d = -2060 + 2058. What is v(d)?
-11
Let v = -4416 - -4407. Let f(m) = 2*m + 4. Determine f(v).
-14
Let m = -374 - -413. Suppose -21*a + 24*a = -m. Let k(h) = h**3 + 13*h**2 + 2*h + 15. Give k(a).
-11
Let y be (4 - 6) + 30/5. Let z be -2 - (-4 - (3 - y)). Let h(n) = -n**2 + 2*n**2 - 11*n**3 + 8*n**3. Determine h(z).
-2
Let m(f) = 3*f**3 - 91*f**2 - 55*f - 118. Let r be m(31). Let q be 202*-1*(-2)/4. Let v = r - q. Let h(y) = 3*y**3 + 2*y**2 - y - 2. Determine h(v).
-16
Suppose f - 5*j + 78 = 4*f, 18 = f - j. Let i be (69/f - 3) + 40/7. Let s(t) = t**3 - 5*t**2 - 8*t + 7. What is s(i)?
-5
Let s(u) be the first derivative of u**4/4 - 14*u**3/3 - 36*u**2 - 5*u + 1479. What is s(18)?
-5
Suppose -50 = -15*d - 5. Let u(l) = d*l + 2*l + 4*l + l - 11*l - l**2 + 1. Calculate u(2).
-5
Let w(x) = 2*x**3 + x**2 - 3*x + 2. Suppose 3*z - 284 = 3*t - 260, -10 = -2*z + t. What is w(z)?
16
Let t(l) = 20*l - 37. Let z be t(4). Let u(x) = -3*x + z - 23 - 19. Suppose 0*d + 3*d = 3. Calculate u(d).
-2
Let w = 5587 - 5609. Let b(a) = a**3 + 20*a**2 - 43*a + 38. Calculate b(w).
16
Let m(p) = 219 - 664 + 2*p**3 - 3*p**3 + 242 + 8*p**2 + 231 - 5*p. Calculate m(8).
-12
Let d = 423 + -420. Let g = 7 + -1. Let c(r) = 2 + g*r**d - 5 + 1 + 3 - 2*r**2. What is c(1)?
5
Let y(f) = -3082*f**2 + 11 - 4 + 9*f + 3083*f**2. Suppose 6 = 5*w + 226. Let h be w/6 - (-2)/(-3). Determine y(h).
-1
Let t(r) = r**3 + 2*r**2 - 6*r - 6. Let g(o) = -o**3 + 8*o**2 - 9*o. Let x be g(4). Suppose x*n = 35*n + 28. Give t(n).
-14
Suppose 3*j - 66 = j. Let k be 225/j - 8/(-44). Let m = k + -15. Let h(i) = -i - 3. What is h(m)?
5
Let p(r) = r**3 - 5*r**2 + 3*r. Let j be p(3). Let g(i) = 196*i + 985. Let h(a) = 12*a + 61. Let q(y) = 2*g(y) - 33*h(y). Give q(j).
-7
Let d(k) = -k**3 + 5*k**2 - 3*k. Suppose 2*y = -3*z + 22, z + 2*z - 28 = -5*y. Suppose z*f = 74 - 62. Determine d(f).
6
Let l = -51833 - -51835. Let w(s) be the third derivative of -11*s**5/60 - s**2. What is w(l)?
-44
Suppose -5*q + 9 = 3*w - 6*w, -4*w = -4*q + 4. Let h(c) = -2*c**3 + 10*c**2 - 6*c - 5. Let a be h(4). Let s(i) = 3 + a + 11*i - i**w + 8. What is s(12)?
2
Suppose 14*o - 8*o = 18. Suppose -o*u + 2*d = 5*d + 12, -4*d = 8. Let m(v) = -4. Let i(y) = -y - 5. Let f(z) = 3*i(z) - 4*m(z). What is f(u)?
7
Let i be 2*((0 - -4) + -3). Suppose 0*k - 2*k = -4*d + 12, 2*d + 6 = -i*k. Let p(o) = -4*o + 513399 - 513399. Give p(d).
-4
Let t(c) = -79*c - 460. Let b(h) = h**2 - 18*h - 709. Let l be b(-19). Determine t(l).
14
Let w(m) = -2*m**2 - 3*m + 1. Let q(g) = 11*g**2 + 31*g - 9. Let h(o) = q(o) + 10*w(o). Determine h(1).
-7
Suppose 0 = -24*z + 25*z - 3. Let c(u) = 4 - z + 3053*u - 3054*u - u**2. Let r = 3 + -2. What is c(r)?
-1
Let o(y) = 11 - 2 - 2 + y. Suppose -7*l - 111 + 35 = 5*q, 0 = -5*q + 15. Give o(l).
-6
Let p(v) = 17*v**2 - 501*v + 320. Let a(t) = -4*t**2 + 105*t - 80. Let s(k) = -9*a(k) - 2*p(k). Determine s(-27).
-1
Suppose 73*m = -190 - 321. Let u(d) = 10*d + 70. Determine u(m).
0
Let y(c) be the third derivative of -c**6/120 + c**5/12 + c**4/3 - 3*c**3/2 - c**2. Let r(b) = 2*b**3 + 4*b**2 - 89*b - 289. Let t be r(-5). Determine y(t).
3
Let f be -6 - (0/(-3))/4. Let m(l) = 2*l - 3*l**2 + 13 - 19 + 5*l - l**2 + 5*l**2. What is m(f)?
-12
Let a(v) = -2*v**2 + 25*v - 75. Let s be a(5). Let k(z) be the third derivative of -1/24*z**4 - z**3 + s*z + 0 - 20*z**2. Give k(-5).
-1
Let r = 1 + -1. Let h(d) be the first derivative of d**4/4 + d**3/3 - d**2/2 + 11*d + 29749. What is h(r)?
11
Suppose -z = -5*x - 25, -348*z + 345*z + 35 = -5*x. Let c(j) = 2*j**2 + 8*j + 8. Give c(x).
8
Let a = 68 - 65. Let g be 10 - 1 - (-3 + a + 2). Suppose -g*i - 30 = -2*i. Let f(x) = -4*x - 7. Determine f(i).
17
Let i(k) = -51*k + 308. Let d = 12156 - 12150. Determine i(d).
2
Let l = -256 - -266. Let c(o) = -2 - 4 - l + o + 17 + o**2. Determine c(0).
1
Let c = 5 - 1. Suppose -9 = -p - 0*p + 2*a, -5*p + 5*a = -30. Let l(b) = b + b**2 + c - 2*b**2 - 4*b**2 - b**p. What is l(-5)?
-1
Suppose -d = 12 - 24. Suppose 87*n = 85*n - d. Let u(k) be the first derivative of k**2 - k - 1. Determine u(n).
-13
Let y(u) = 5*u - 118. Let s(b) = -2*b**2 - 6*b + 80. Let q be s(-7). Determine y(q).
2
Suppose -s = -0 - 5, 2*b = -3*s + 33. Suppose -5*y = -b*y - 3*z + 36, 2*z = -3*y + 26. Let t(w) = w - 16. Determine t(y).
-10
Let l(d) = 9*d + 45. Let q = 2394 - 2400. Determine l(q).
-9
Let n(l) = 26*l - 177. Let v(j) = 59*j - 352. Let s(x) = 7*n(x) - 3*v(x). Determine s(38).
7
Let u = 34 + -20. Suppose 33 = 21*d - 177. Let o(x) = u - d - 6*x - x + x**2. Give o(5).
-6
Let n(h) be the third derivative of -h**6/120 + 37*h**5/60 - 71*h**4/24 + 26*h**3/3 + 5600*h**2. What is n(35)?
17
Let p(a) = a - 13. Suppose l = -2*b + 304, 5*b - 950 + 192 = -3*l. Suppose 30*o - 32*o + b = 0. Let k = 86 - o. Calculate p(k).
-4
Let i(n) = -n**3 + 24*n**2 - 22*n - 19. Let s = -2993 + 3016. Calculate i(s).
4
Let h(z) be the first derivative of -z**5/2 + z**3/6 + 4*z - 4. Let x(j) be the first derivative of h(j). Let o(i) = 69*i - 139. Let d be o(2). What is x(d)?
9
Let n(g) = -1. Let z(t) = t**3 + 7*t**2 + 2*t + 15. Let i be z(-7). Let c(a) = -a**2 + 22. Let r(k) = i*c(k) + 4*n(k). Determine r(0).
18
Let k(v) = 9 + 191170*v - 95581*v - v**3 - 95581*v - 5*v**2. Suppose -2*t - 12 = -4*r, 0 = 4*t + r + 3*r + 24. Determine k(t).
-3
Let m(p) be the first derivative of p**3/3 + 5*p**2 + p + 1225. Determine m(-9).
-8
Let i(o) = -51*o + 1101. Let u(v) = 25*v - 608. Let k(n) = 6*i(n) + 11*u(n). Give k(-3).
11
Suppose 6*x + 0 = 30. Suppose 0 = x*r - 21 + 6. Suppo